{"id":10,"date":"2013-02-19T17:14:49","date_gmt":"2013-02-19T17:14:49","guid":{"rendered":"http:\/\/www.lavisqteam.fr\/?page_id=10"},"modified":"2024-04-28T10:28:32","modified_gmt":"2024-04-28T10:28:32","slug":"musique","status":"publish","type":"page","link":"https:\/\/www.lavisqteam.fr\/?page_id=10","title":{"rendered":"Musique"},"content":{"rendered":"\n<p><strong>Les Critiques<\/strong><\/p>\n\n\n\n<p><a title=\"Blues\/Jazz\" href=\"https:\/\/www.lavisqteam.fr\/?page_id=107\">Blues\/Jazz<\/a><\/p>\n\n\n\n<p><a title=\"Electro\" href=\"https:\/\/www.lavisqteam.fr\/?page_id=108\">Electro<\/a><\/p>\n\n\n\n<p><a href=\"https:\/\/www.lavisqteam.fr\/?page_id=73706\">M\u00e9tal<\/a><\/p>\n\n\n\n<p><a title=\"Pop\" href=\"https:\/\/www.lavisqteam.fr\/?page_id=110\">Pop<\/a><\/p>\n\n\n\n<p><a title=\"Rap\" href=\"https:\/\/www.lavisqteam.fr\/?page_id=111\">Rap<\/a><\/p>\n\n\n\n<p><a title=\"Rock\" href=\"https:\/\/www.lavisqteam.fr\/?page_id=112\">Rock<\/a><\/p>\n\n\n\n<p><a title=\"Vari\u00e9t\u00e9 Fran\u00e7aise\" href=\"https:\/\/www.lavisqteam.fr\/?page_id=113\">Vari\u00e9t\u00e9 Fran\u00e7aise<\/a><\/p>\n\n\n\n<p><strong>Les Biographies<\/strong><\/p>\n\n\n\n<p><a title=\"Les Groupes\" href=\"https:\/\/www.lavisqteam.fr\/?page_id=115\">Les Groupes<\/a><\/p>\n\n\n\n<p><strong>\u00c9v\u00e8nements<\/strong><\/p>\n\n\n\n<p><a title=\"Concerts\" href=\"https:\/\/www.lavisqteam.fr\/?page_id=2174\">Concerts<\/a><\/p>\n\n\n\n<p><a href=\"https:\/\/www.lavisqteam.fr\/?page_id=45898\">Dossiers<\/a><\/p>\n","protected":false},"excerpt":{"rendered":"<p>Les Critiques Blues\/Jazz Electro M\u00e9tal Pop Rap Rock Vari\u00e9t\u00e9 Fran\u00e7aise Les Biographies Les Groupes \u00c9v\u00e8nements Concerts Dossiers<\/p>\n","protected":false},"author":1,"featured_media":0,"parent":0,"menu_order":0,"comment_status":"open","ping_status":"open","template":"","meta":[],"yoast_head":"<!-- This site is optimized with the Yoast SEO plugin v19.6.1 - https:\/\/yoast.com\/wordpress\/plugins\/seo\/ -->\n<title>Musique - Lavisqteam.fr<\/title>\n<meta name=\"robots\" content=\"index, follow, max-snippet:-1, max-image-preview:large, max-video-preview:-1\" \/>\n<link rel=\"canonical\" href=\"https:\/\/www.lavisqteam.fr\/?page_id=10\" \/>\n<meta property=\"og:locale\" content=\"fr_FR\" \/>\n<meta property=\"og:type\" content=\"article\" \/>\n<meta property=\"og:title\" content=\"Musique - Lavisqteam.fr\" \/>\n<meta property=\"og:description\" content=\"Les Critiques Blues\/Jazz Electro M\u00e9tal Pop Rap Rock Vari\u00e9t\u00e9 Fran\u00e7aise Les Biographies Les Groupes \u00c9v\u00e8nements Concerts Dossiers\" \/>\n<meta property=\"og:url\" content=\"https:\/\/www.lavisqteam.fr\/?page_id=10\" \/>\n<meta property=\"og:site_name\" content=\"Lavisqteam.fr\" \/>\n<meta property=\"article:modified_time\" content=\"2024-04-28T10:28:32+00:00\" \/>\n<meta name=\"twitter:card\" content=\"summary_large_image\" \/>\n<meta name=\"twitter:label1\" content=\"Dur\u00e9e de lecture estim\u00e9e\" \/>\n\t<meta name=\"twitter:data1\" content=\"1 minute\" \/>\n<script type=\"application\/ld+json\" class=\"yoast-schema-graph\">{\"@context\":\"https:\/\/schema.org\",\"@graph\":[{\"@type\":\"WebPage\",\"@id\":\"https:\/\/www.lavisqteam.fr\/?page_id=10\",\"url\":\"https:\/\/www.lavisqteam.fr\/?page_id=10\",\"name\":\"Musique - Lavisqteam.fr\",\"isPartOf\":{\"@id\":\"https:\/\/www.lavisqteam.fr\/#website\"},\"datePublished\":\"2013-02-19T17:14:49+00:00\",\"dateModified\":\"2024-04-28T10:28:32+00:00\",\"breadcrumb\":{\"@id\":\"https:\/\/www.lavisqteam.fr\/?page_id=10#breadcrumb\"},\"inLanguage\":\"fr-FR\",\"potentialAction\":[{\"@type\":\"ReadAction\",\"target\":[\"https:\/\/www.lavisqteam.fr\/?page_id=10\"]}]},{\"@type\":\"BreadcrumbList\",\"@id\":\"https:\/\/www.lavisqteam.fr\/?page_id=10#breadcrumb\",\"itemListElement\":[{\"@type\":\"ListItem\",\"position\":1,\"name\":\"Accueil\",\"item\":\"https:\/\/www.lavisqteam.fr\/\"},{\"@type\":\"ListItem\",\"position\":2,\"name\":\"Musique\"}]},{\"@type\":\"WebSite\",\"@id\":\"https:\/\/www.lavisqteam.fr\/#website\",\"url\":\"https:\/\/www.lavisqteam.fr\/\",\"name\":\"Lavisqteam.fr\",\"description\":\"\",\"publisher\":{\"@id\":\"https:\/\/www.lavisqteam.fr\/#organization\"},\"potentialAction\":[{\"@type\":\"SearchAction\",\"target\":{\"@type\":\"EntryPoint\",\"urlTemplate\":\"https:\/\/www.lavisqteam.fr\/?s={search_term_string}\"},\"query-input\":\"required name=search_term_string\"}],\"inLanguage\":\"fr-FR\"},{\"@type\":\"Organization\",\"@id\":\"https:\/\/www.lavisqteam.fr\/#organization\",\"name\":\"Lavisqteam.fr\",\"url\":\"https:\/\/www.lavisqteam.fr\/\",\"sameAs\":[],\"logo\":{\"@type\":\"ImageObject\",\"inLanguage\":\"fr-FR\",\"@id\":\"https:\/\/www.lavisqteam.fr\/#\/schema\/logo\/image\/\",\"url\":\"https:\/\/www.lavisqteam.fr\/wp-content\/uploads\/2020\/08\/cropped-80879545_3479261675449035_4078032831501041664_o-4.jpg\",\"contentUrl\":\"https:\/\/www.lavisqteam.fr\/wp-content\/uploads\/2020\/08\/cropped-80879545_3479261675449035_4078032831501041664_o-4.jpg\",\"width\":1674,\"height\":536,\"caption\":\"Lavisqteam.fr\"},\"image\":{\"@id\":\"https:\/\/www.lavisqteam.fr\/#\/schema\/logo\/image\/\"}}]}<\/script>\n<!-- \/ Yoast SEO plugin. -->","yoast_head_json":{"title":"Musique - Lavisqteam.fr","robots":{"index":"index","follow":"follow","max-snippet":"max-snippet:-1","max-image-preview":"max-image-preview:large","max-video-preview":"max-video-preview:-1"},"canonical":"https:\/\/www.lavisqteam.fr\/?page_id=10","og_locale":"fr_FR","og_type":"article","og_title":"Musique - Lavisqteam.fr","og_description":"Les Critiques Blues\/Jazz Electro M\u00e9tal Pop Rap Rock Vari\u00e9t\u00e9 Fran\u00e7aise Les Biographies Les Groupes \u00c9v\u00e8nements Concerts Dossiers","og_url":"https:\/\/www.lavisqteam.fr\/?page_id=10","og_site_name":"Lavisqteam.fr","article_modified_time":"2024-04-28T10:28:32+00:00","twitter_card":"summary_large_image","twitter_misc":{"Dur\u00e9e de lecture estim\u00e9e":"1 minute"},"schema":{"@context":"https:\/\/schema.org","@graph":[{"@type":"WebPage","@id":"https:\/\/www.lavisqteam.fr\/?page_id=10","url":"https:\/\/www.lavisqteam.fr\/?page_id=10","name":"Musique - Lavisqteam.fr","isPartOf":{"@id":"https:\/\/www.lavisqteam.fr\/#website"},"datePublished":"2013-02-19T17:14:49+00:00","dateModified":"2024-04-28T10:28:32+00:00","breadcrumb":{"@id":"https:\/\/www.lavisqteam.fr\/?page_id=10#breadcrumb"},"inLanguage":"fr-FR","potentialAction":[{"@type":"ReadAction","target":["https:\/\/www.lavisqteam.fr\/?page_id=10"]}]},{"@type":"BreadcrumbList","@id":"https:\/\/www.lavisqteam.fr\/?page_id=10#breadcrumb","itemListElement":[{"@type":"ListItem","position":1,"name":"Accueil","item":"https:\/\/www.lavisqteam.fr\/"},{"@type":"ListItem","position":2,"name":"Musique"}]},{"@type":"WebSite","@id":"https:\/\/www.lavisqteam.fr\/#website","url":"https:\/\/www.lavisqteam.fr\/","name":"Lavisqteam.fr","description":"","publisher":{"@id":"https:\/\/www.lavisqteam.fr\/#organization"},"potentialAction":[{"@type":"SearchAction","target":{"@type":"EntryPoint","urlTemplate":"https:\/\/www.lavisqteam.fr\/?s={search_term_string}"},"query-input":"required name=search_term_string"}],"inLanguage":"fr-FR"},{"@type":"Organization","@id":"https:\/\/www.lavisqteam.fr\/#organization","name":"Lavisqteam.fr","url":"https:\/\/www.lavisqteam.fr\/","sameAs":[],"logo":{"@type":"ImageObject","inLanguage":"fr-FR","@id":"https:\/\/www.lavisqteam.fr\/#\/schema\/logo\/image\/","url":"https:\/\/www.lavisqteam.fr\/wp-content\/uploads\/2020\/08\/cropped-80879545_3479261675449035_4078032831501041664_o-4.jpg","contentUrl":"https:\/\/www.lavisqteam.fr\/wp-content\/uploads\/2020\/08\/cropped-80879545_3479261675449035_4078032831501041664_o-4.jpg","width":1674,"height":536,"caption":"Lavisqteam.fr"},"image":{"@id":"https:\/\/www.lavisqteam.fr\/#\/schema\/logo\/image\/"}}]}},"_links":{"self":[{"href":"https:\/\/www.lavisqteam.fr\/index.php?rest_route=\/wp\/v2\/pages\/10"}],"collection":[{"href":"https:\/\/www.lavisqteam.fr\/index.php?rest_route=\/wp\/v2\/pages"}],"about":[{"href":"https:\/\/www.lavisqteam.fr\/index.php?rest_route=\/wp\/v2\/types\/page"}],"author":[{"embeddable":true,"href":"https:\/\/www.lavisqteam.fr\/index.php?rest_route=\/wp\/v2\/users\/1"}],"replies":[{"embeddable":true,"href":"https:\/\/www.lavisqteam.fr\/index.php?rest_route=%2Fwp%2Fv2%2Fcomments&post=10"}],"version-history":[{"count":8,"href":"https:\/\/www.lavisqteam.fr\/index.php?rest_route=\/wp\/v2\/pages\/10\/revisions"}],"predecessor-version":[{"id":73711,"href":"https:\/\/www.lavisqteam.fr\/index.php?rest_route=\/wp\/v2\/pages\/10\/revisions\/73711"}],"wp:attachment":[{"href":"https:\/\/www.lavisqteam.fr\/index.php?rest_route=%2Fwp%2Fv2%2Fmedia&parent=10"}],"curies":[{"name":"wp","href":"https:\/\/api.w.org\/{rel}","templated":true}]}}